 is the value of 3 + -2 + 3 + -11 + 3?
-4
What is -8 + (-18 + 13 - -23)?
10
What is (11 - 11) + 5 + 0?
5
-2 - ((-2 - -7) + -11)
4
Calculate -4 - ((6 + -13 - -7) + -6).
2
-2 + -1 + 5 + 1 + 1
4
What is (-6 - 1) + (25 - (28 - 15))?
5
What is the value of -1 - (2 + -2 + (0 - 1))?
0
What is the value of (-2 - (-2 + (-1 - -2))) + 1?
0
0 - (-2 + (-2 - 3) - 0)
7
Evaluate 3 + (3 - (0 - (0 + -3))).
3
What is the value of -24 + 15 + (0 - -10)?
1
What is (-2 - -4) + (2 - (-10 + 20))?
-6
Evaluate -9 + 5 + -2 + 6 + -3.
-3
Evaluate 1 - (-6 - 3) - 6.
4
4 - ((-3 - -1) + 2)
4
What is 6 - ((-4 - -4) + 6)?
0
Evaluate (-1 - 1) + (-2 - -9).
5
What is -3 + 8 + -4 - (-12 - -8)?
5
What is the value of 0 + (-7 + 3 - (-3 - -2))?
-3
0 + -6 + (-3 - -6)
-3
What is -4 + 3 + -24 + 30?
5
-8 - (8 + (-10 - 3))
-3
What is -3 + -7 - -4 - -6?
0
What is -6 + 1 + -1 + 12?
6
What is (-1 - 9) + (1 - -4)?
-5
What is the value of 4 + -3 + 1 + -6?
-4
What is the value of 2 + -10 + 4 + -2 + 2?
-4
What is the value of -3 + (-3 - -4 - (0 - 2))?
0
What is the value of 5 + -6 - 0 - -6?
5
-10 - (-6 - (-2 - -3))
-3
Evaluate (4 - -2) + -1 + (-3 - 5).
-3
What is (171 - 168) + 3 + -1 + 1?
6
Evaluate (8 - (1 + 0)) + 19 + -21.
5
Calculate (17 - 2) + (23 - 28).
10
What is the value of 18 - (4 + 3) - 13?
-2
-12 - (-2 + -1) - (9 - 13)
-5
What is the value of 0 + 1 + -9 + -13 + 10?
-11
What is the value of 0 + (0 + -1 - 1)?
-2
What is -6 - -8 - (-3 + 0)?
5
What is the value of 8 + -10 + (2 + 3 - 5)?
-2
0 + (6 - (-1 - -1))
6
What is the value of -7 - (-15 + 3 + 5)?
0
Calculate 1 + (-5 - (6 + -10)) - -3.
3
What is 1 - (-3 - (-5 + 0)) - 1?
-2
Calculate 9 - (11 - (13 + -10)).
1
What is 7 + -2 - (2 + -2 + 2)?
3
What is the value of -6 + 5 + -3 - -6 - 1?
1
Evaluate -3 + (-8 - -13) + -4.
-2
What is (-3 - -4) + (-2 - 3)?
-4
Evaluate (226 - 229) + (-4 - (1 + 0)).
-8
Calculate 3 - ((-2 - -1) + -2 + 4).
2
What is -3 + -6 - (0 + -5)?
-4
What is the value of -2 - (3 + -7 - 2)?
4
(-5 - 1 - 0) + 8
2
What is (1 - 6) + 16 + (0 - 13)?
-2
What is 2 - ((1 - 0) + 2)?
-1
0 - 0 - (11 + (2 - 8))
-5
What is 2 - (1 - (2 - -1))?
4
Calculate -4 - -7 - 2 - -2.
3
Evaluate 4 + 10 + -5 + -6.
3
Calculate 34 - 44 - (-9 + 0).
-1
(4 - -7) + 1 + -10
2
11 - (17 - (-4 + 12))
2
-7 + 4 + (-12 - -21)
6
What is (4 - 2) + 9 + -7?
4
(0 - -3) + -3 + 6 + -4
2
What is the value of 155 - 151 - (9 - (0 - -1))?
-4
Calculate 0 - 1 - (-3 + 5 - 2).
-1
What is 1 + (-4 + 1 - (12 + -10))?
-4
Evaluate (2 - (-8 + -1)) + -9.
2
-3 - (-1 + -1 + -2)
1
Evaluate -11 - (4 + -6) - -9.
0
Calculate (-7 - (-7 + 8)) + 13 - -2.
7
Calculate (-3 + 1 - 4) + (-1 - -2).
-5
What is the value of 10 + -5 + (-4 - 1) - 4?
-4
What is 8 + 3 + 5 + -15?
1
0 + (-4 - -1) + 3 + -2
-2
(-3 - -3) + 2 + (-1 - -2)
3
Evaluate (6 - -1 - 6) + (2 - -1).
4
What is -5 - (-4 - (8 - 2))?
5
What is 3 + -13 + (-5 + 10 - -2)?
-3
4 - 0 - (-5 - -14)
-5
Calculate 1 - -8 - (-146 - -161).
-6
Calculate -4 + (-4 - -5) - 2 - -9.
4
What is the value of (-1 - (0 - 1)) + (5 - 2)?
3
Evaluate 1 + -6 + (9 - (15 - 15)).
4
What is (-1 - (-2 - -1 - 0)) + 3?
3
7 - (25 - (-4 + 17))
-5
What is the value of -10 - (5 + -8) - -2?
-5
Evaluate -2 + 18 + -10 - -4.
10
What is ((8 - 0) + -7 - -2) + -1?
2
Calculate -1 + (-3 - (-6 + 5)).
-3
Calculate -5 - 0 - (2 + -3 + -1).
-3
Calculate (-4 - 6 - -6) + 5.
1
What is -26 - (-14 - -8) - -15?
-5
What is the value of -22 + (28 - 10) + 7 + 1?
4
What is (3 - (-14 + 2)) + -15?
0
Calculate (-4 - -1 - -5) + -4 + 1.
-1
What is -6 - ((-7 - -6) + -5) - 2?
-2
What is (-1 - -5) + (0 - (-3 + 4))?
3
Evaluate -1 + 4 + -12 - (-2 + -4).
-3
What is 4 + 11 + -15 - (3 + 1)?
-4
What is -3 + 4 + -8 + (1 - -3)?
-3
What is (6 + -11 - -2) + (-3 - -4)?
-2
Calculate 0 + (11 - ((7 - 4) + 1)).
7
What is 5 - (1 + (14 - 5))?
-5
Calculate 7 + 2 + (-15 - 0).
-6
Evaluate -8 + 5 + (-1 - -5).
1
Calculate -5 + (6 - 0) + -2.
-1
Evaluate 8 - (-7 + 5 + 6).
4
What is the value of -1 + 1 - (1 - 0) - 3?
-4
What is 3 + (3 - 9 - (-1 + -2))?
0
39 - 32 - (2 - -1)
4
What is -5 + (8 - (9 + -5))?
-1
Evaluate (-5 - -12) + -11 - (-4 + -2).
2
Evaluate 3 - (7 + (6 - 10)).
0
What is the value of 1 + (-9 + 2 - -8)?
2
What is the value of -3 - (16 + -10 - (2 + 0))?
-7
Calculate (1 - 0) + 3 + -5.
-1
Evaluate -1 + 5 + -5 - (0 + -2).
1
What is (-4 - -3) + -4 - (2 - 0)?
-7
-7 + -4 + 17 + -7
-1
What is (2 - 2) + (15 - 10)?
5
What is the value of -9 - (2 + -6 - 3)?
-2
Calculate (0 - 3) + (25 + -7 - 14).
1
Calculate 1 + (-3 - 2) + -1.
-5
What is the value of 2 + -3 + -7 + (3 - -2)?
-3
Evaluate -2 + (11 - (4 + 1)).
4
Calculate -1 + 0 - (-10 + 7).
2
Calculate 4 + -12 + (-2 + -4 - -9).
-5
(-6 + -1 - -11) + 1
5
What is (2 - (-3 + -2)) + -1?
6
What is the value of -6 - (-5 + (-7 - -8))?
-2
What is -10 + -2 + 5 + -1?
-8
Calculate 1 + -8 - 1 - (27 - 30).
-5
What is the value of -3 - (-5 - (-4 + 6))?
4
Evaluate 10 - (16 - 8 - 3).
5
(-6 - -3) + (0 - 1)
-4
1 - (1 - (1 - -2))
3
Evaluate (1 - -6) + -5 - (5 + 0).
-3
Calculate 2 + 3 - (1 + 1).
3
Calculate 0 - (9 - (13 - 5 - 2)).
-3
What is -1 + 2 + -3 + 2 + -3?
-3
What is the value of -1 + 1 + (1 + -4 - 3)?
-6
Calculate -6 + 1 - (1 + -3).
-3
Evaluate -3 + 0 + 11 - 6.
2
What is the value of (3 - (-2 - 3 - -4)) + -1?
3
What is (-3 - (6 + -4 - 6)) + 2?
3
What is 5 - 6 - 4 - (7 - 11)?
-1
Evaluate -9 + 3 + 1 + 2.
-3
What is the value of 4 - ((2 - 2) + -2) - 2?
4
Calculate 26 + -19 + -10 + -2.
-5
Calculate -8 + 10 + 4 + -12.
-6
What is -10 - (-9 - -5) - 0?
-6
6 + (-5 - (-1 + 1))
1
What is the value of 12 + 11 + -21 - -6?
8
Evaluate 4 + (-1 - -1) + (-77 - -69).
-4
Calculate -8 - (-9 + (17 - 8)).
-8
-3 + (9 - 6) + 5
5
What is the value of -2 - (-7 + 4) - (1 + 3)?
-3
1 + (-8 - (-8 + 5))
-4
Evaluate 15 - 14 - (1 + 0).
0
What is 7 + -1 + 66 + -71?
1
What is 1 + 11 + -2 + -5?
5
Calculate 21 + -18 - (3 - 2).
2
Calculate -2 - (2 + -9 - -4).
1
-12 + 14 - (0 + (-4 - -2))
4
What is the value of -8 + 10 - (8 + -5 + 0)?
-1
What is the value of (-5 + -1 - -6) + -6 - 1?
-7
What is the value of -8 + (-2 - (-6 - -10 - 6))?
-8
Calculate -4 + (1 - (3 - 6)) + -2.
-2
(8 - 3) + (0 + 0 - 4)
1
-33 + 38 + -2 + (0 - 3)
0
-6 - -3 - (-2 - -4)
-5
What is -2 - ((-4 - (1 + -5)) + 2)?
-4
Evaluate 12 - (-10 + 16) - (2 - 1).
5
-3 + (0 + -1 - -6)
2
Calculate 0 + 1 + -10 + (0 - -6).
-3
What is (1 - -2) + -7 + 0?
-4
Evaluate 0 - (-5 + -6 + 6).
5
What is -2 - (1 + -3) - (1 - 2)?
1
10 - (5 + -2) - (2 + 1)
4
What is the value of 3 + (4 - 7) + 4 + 2?
6
-2 - ((-4 - -6) + -3)
-1
Calculate 1 - 0 - ((2 - -11) + -11).
-1
Calculate -5 - (-8 - 0) - 0.
3
-27 - -17 - (-6 - 7)
3
Calculate -2 - (-5 - (-7 + -2)).
-6
What is the value of -3 - (0 + (-4 - (1 + -3)))?
-1
What is -6 + (7 - 2) + -6 + 6?
-1
Calculate (32 - 23) + (-4 - 1).
4
(-13 - -5) + 3 + 3
-2
(6 - (2 - -5 - -3)) + 9
5
1 + (-3 + 4 - (6 - 6))
2
What is -6 + 3 + 7 - 6?
-2
Evaluate 8 - 1 - (-1 + (10 - 6)).
4
What is the value of -7 + 5 - -8 - (5 + 0)?
1
What is the value of (-2 - (0 - -2)) + (0 - -2)?
-2
What is the value of (-3 - -6 - 7) + 3?
-1
2 - 3 - (-4 + 1) - 3
-1
What is (3 - 3) + 3 + (-1 - 7)?
-5
What is the value of 5 + (-7 - -8) - 8?
-2
-4 + (-8 - -12) + -3 + 1
-2
Evaluate 0 - (-8 + 10 + 4).
-6
What is (1 - (5 + -5 - 6)) + -7?
0
Calculate (20 - 8 - 28) + 8.
-8
-1 + (-9 - -2) - -3 - -3
-2
What is the value of -2 - (1 - 0) - (-13 + 9)?
1
Evaluate -254 + 258 + (0 - 0) + 1.
5
Calculate (2 - -2) + (-12 - -1) + 2.
-5
Evaluate 0 - 4 - 1 - -3.
-2
What is the value of 3 - (3 - -2 - 4 - -5)?
-3
Evaluate 19 + (6 - 16) - 7.
2
-5 - (2 + 1 + -3)
-5
What is 5 + (-9 - -5 - 7)?
-6
What is 2 + 7 + -5 - 8?
-4
What is 3 + (-6 + 2 - -1)?
0
What is the value of 4 - ((3 - 7) + 4)?
4
What is -4 - (-10 - -5 - -3)?
-2
Evaluate (-3 + 3 - 3) + -1 - -6.
2
What is the value of -8 - ((-3 - 0) + -12)?
7
What is -5 + (0 - -1) + 8?
4
What is the value of -35 + 22 + (13 - -2)?
2
What is the value of -5 + (-7 - (1 + -12)) - -6?
5
Calculate -1 - (-9 - -5) - (12 + -5).
-4
What is the value of 2 - 3 - (-9 - 4 - -5)?
7
Evaluate 1 + -16 - (-38 - -24).
-1
What is -5 - (2 - (-7 + 13))?
-1
Calculate -14 + 12 - (0 + (-1 - 0)).
-1
What is -3 - (-3 + -3 - -1)?
2
7 + (0 + -2 - 0)
5
What is the value of -1 - 9 - (-4 + -2 + 3)?
-7
(5 - (-2 - -7)) + 5 + -2
3
Calculate 2 + 3 + -3 + 2 - -2.
6
-2 - 1 - (10 - 18)
5
What is the value of -9 - (9 + -22) - 